{"id":3012,"date":"2023-10-16T17:11:26","date_gmt":"2023-10-16T15:11:26","guid":{"rendered":"https:\/\/www.aeroclubduplandedieu.fr\/2021\/?page_id=3012"},"modified":"2025-12-03T11:18:42","modified_gmt":"2025-12-03T10:18:42","slug":"examen-theorique-lapl-ppl-avion","status":"publish","type":"page","link":"https:\/\/www.aeroclubduplandedieu.fr\/2021\/examen-theorique-lapl-ppl-avion\/","title":{"rendered":"Examen th\u00e9orique LAPL PPL Avion"},"content":{"rendered":"\n<figure class=\"wp-block-table is-style-regular\"><table><tbody><tr><td>&nbsp; <strong>NOUVELLE ORGANISATION<\/strong> <strong>DE L&rsquo;EXAMEN TH\u00c9ORIQUE<\/strong> <strong>LAPL\/PPL Avion<\/strong> &nbsp; <\/td><\/tr><\/tbody><\/table><\/figure>\n\n\n\n<p>Examen th\u00e9orique du 24 07 2024<\/p>\n\n\n\n<figure class=\"wp-block-gallery has-nested-images columns-default is-cropped wp-block-gallery-1 is-layout-flex wp-block-gallery-is-layout-flex\">\n<figure class=\"wp-block-image size-large\"><img loading=\"lazy\" decoding=\"async\" width=\"1024\" height=\"577\" data-id=\"3689\" src=\"https:\/\/www.aeroclubduplandedieu.fr\/wordpress\/wp-content\/uploads\/2024\/07\/Exam-24-07-2024-4-1024x577.jpg\" alt=\"\" class=\"wp-image-3689\" srcset=\"https:\/\/www.aeroclubduplandedieu.fr\/wordpress\/wp-content\/uploads\/2024\/07\/Exam-24-07-2024-4-1024x577.jpg 1024w, https:\/\/www.aeroclubduplandedieu.fr\/wordpress\/wp-content\/uploads\/2024\/07\/Exam-24-07-2024-4-300x169.jpg 300w, https:\/\/www.aeroclubduplandedieu.fr\/wordpress\/wp-content\/uploads\/2024\/07\/Exam-24-07-2024-4-768x432.jpg 768w, https:\/\/www.aeroclubduplandedieu.fr\/wordpress\/wp-content\/uploads\/2024\/07\/Exam-24-07-2024-4-1536x865.jpg 1536w, https:\/\/www.aeroclubduplandedieu.fr\/wordpress\/wp-content\/uploads\/2024\/07\/Exam-24-07-2024-4-2048x1153.jpg 2048w\" sizes=\"auto, (max-width: 1024px) 100vw, 1024px\" \/><\/figure>\n\n\n\n<figure class=\"wp-block-image size-large\"><img loading=\"lazy\" decoding=\"async\" width=\"1024\" height=\"577\" data-id=\"3690\" src=\"https:\/\/www.aeroclubduplandedieu.fr\/wordpress\/wp-content\/uploads\/2024\/07\/Exam-24-07-2024-3-1024x577.jpg\" alt=\"\" class=\"wp-image-3690\" srcset=\"https:\/\/www.aeroclubduplandedieu.fr\/wordpress\/wp-content\/uploads\/2024\/07\/Exam-24-07-2024-3-1024x577.jpg 1024w, https:\/\/www.aeroclubduplandedieu.fr\/wordpress\/wp-content\/uploads\/2024\/07\/Exam-24-07-2024-3-300x169.jpg 300w, https:\/\/www.aeroclubduplandedieu.fr\/wordpress\/wp-content\/uploads\/2024\/07\/Exam-24-07-2024-3-768x432.jpg 768w, https:\/\/www.aeroclubduplandedieu.fr\/wordpress\/wp-content\/uploads\/2024\/07\/Exam-24-07-2024-3-1536x865.jpg 1536w, https:\/\/www.aeroclubduplandedieu.fr\/wordpress\/wp-content\/uploads\/2024\/07\/Exam-24-07-2024-3-2048x1153.jpg 2048w\" sizes=\"auto, (max-width: 1024px) 100vw, 1024px\" \/><\/figure>\n\n\n\n<figure class=\"wp-block-image size-large\"><img loading=\"lazy\" decoding=\"async\" width=\"1024\" height=\"577\" data-id=\"3692\" src=\"https:\/\/www.aeroclubduplandedieu.fr\/wordpress\/wp-content\/uploads\/2024\/07\/Examen-24-07-2024-2-1024x577.jpg\" alt=\"\" class=\"wp-image-3692\" srcset=\"https:\/\/www.aeroclubduplandedieu.fr\/wordpress\/wp-content\/uploads\/2024\/07\/Examen-24-07-2024-2-1024x577.jpg 1024w, https:\/\/www.aeroclubduplandedieu.fr\/wordpress\/wp-content\/uploads\/2024\/07\/Examen-24-07-2024-2-300x169.jpg 300w, https:\/\/www.aeroclubduplandedieu.fr\/wordpress\/wp-content\/uploads\/2024\/07\/Examen-24-07-2024-2-768x432.jpg 768w, https:\/\/www.aeroclubduplandedieu.fr\/wordpress\/wp-content\/uploads\/2024\/07\/Examen-24-07-2024-2-1536x865.jpg 1536w, https:\/\/www.aeroclubduplandedieu.fr\/wordpress\/wp-content\/uploads\/2024\/07\/Examen-24-07-2024-2-2048x1153.jpg 2048w\" sizes=\"auto, (max-width: 1024px) 100vw, 1024px\" \/><\/figure>\n<\/figure>\n\n\n\n<p>L&rsquo;a\u00e9roclub du Plan de Dieu est Centre d&rsquo;Examen Habilit\u00e9 par la FFA. Les \u00e9preuves peuvent se d\u00e9rouler dans les locux du club.<\/p>\n\n\n\n<figure class=\"wp-block-table is-style-regular\"><table><tbody><tr><td>\u00adSessions d&rsquo;examen programm\u00e9es \u00e0 Plan de Dieu \u00e0<mark style=\"background-color:rgba(0, 0, 0, 0)\" class=\"has-inline-color has-pale-cyan-blue-color\"> <\/mark><strong><mark style=\"background-color:rgba(0, 0, 0, 0)\" class=\"has-inline-color has-luminous-vivid-orange-color\">9h00 et 14h<\/mark><\/strong><br>10\/12\/2025<br>14\/01\/2026<br>11\/02\/2026<br>18\/03\/2026<br>15\/04\/2026<br>20\/05\/2026<br>17\/06\/2026<br><br><br> \u00ad \u00ad \u00ad \u00ad <strong>Les dates \u00e0 retenir !<\/strong> Autres <a href=\"https:\/\/examens.ffa-aero.fr\/sessions-dexamens\/\" data-type=\"link\" data-id=\"https:\/\/examens.ffa-aero.fr\/sessions-dexamens\/\" target=\"_blank\" rel=\"noreferrer noopener\"><strong>Examens en France<\/strong><\/a><\/td><\/tr><\/tbody><\/table><\/figure>\n\n\n\n<figure class=\"wp-block-table is-style-regular\"><table><tbody><tr><td>&nbsp; &nbsp; <strong>\u00c0 partir du 4 d\u00e9cembre 2023, <\/strong><strong>de nouvelles modalit\u00e9s sont mises en place pour l&rsquo;examen th\u00e9orique LAPL\/ PPL avion :<\/strong> &nbsp;<\/td><\/tr><\/tbody><\/table><\/figure>\n\n\n\n<figure class=\"wp-block-table is-style-regular\"><table><tbody><tr><td>l\u2019examen th\u00e9orique ne se d\u00e9roule plus en <strong>deux \u00e9preuves<\/strong> (commune et sp\u00e9cifique) mais <strong>en 9 \u00e9preuves ind\u00e9pendantes, une par module ou mati\u00e8re.<\/strong> &nbsp; le nombre&nbsp;total&nbsp;de questions est l\u00e9g\u00e8rement augment\u00e9. Il passe de <strong>120 \u00e0 128,<\/strong> afin que le score de 75% soit pr\u00e9cis pour chaque \u00e9preuve. &nbsp; la FFA devient organisme d\u00e9l\u00e9gataire pour l&rsquo;examen th\u00e9orique. <strong>Vous pourrez passer votre examen dans les centres affili\u00e9s FFA. Votre a\u00e9roclub sera peut \u00eatre parmi ces centres !<\/strong><\/td><\/tr><\/tbody><\/table><\/figure>\n\n\n\n<figure class=\"wp-block-table is-style-regular\"><table><tbody><tr><td>Les nouvelles \u00e9preuves, <strong>ind\u00e9pendantes,<\/strong> <strong>avec leurs nombres de QCM et le temps imparti<\/strong><\/td><\/tr><\/tbody><\/table><\/figure>\n\n\n\n<figure class=\"wp-block-table is-style-regular\"><table><tbody><tr><td>\u00ad \u00ad \u00ad \u00ad <img loading=\"lazy\" decoding=\"async\" width=\"556\" height=\"340\" src=\"https:\/\/2ysmi.img.a.d.sendibm1.com\/im\/sh\/Io89O0MU9ULt.png?u=WtVElij8PJZGg5vd62dWigY7ZeHkX6G1\" alt=\"Manuel ATO\"><a href=\"https:\/\/2ysmi.r.a.d.sendibm1.com\/mk\/cl\/f\/sh\/SMK1E8tHeG13GYUomkxvQTnprtB3\/shD7KgbLMyIw\" target=\"_blank\" rel=\"noreferrer noopener\"><\/a> \u00ad \u00ad \u00ad \u00ad<\/td><\/tr><\/tbody><\/table><\/figure>\n\n\n\n<figure class=\"wp-block-table is-style-regular\"><table><tbody><tr><td>&nbsp; Le programme r\u00e9glementaire n\u2019\u00e9volue pas. Cela signifie que le contenu de nos cours, leurs ressources associ\u00e9es (fiches illustr\u00e9es, vid\u00e9os comment\u00e9es&#8230; sauf celles pr\u00e9cisant l\u2019examen th\u00e9orique \ud83d\ude42 restent identiques selon notre organisation actuelle en 9 modules identiques aux 9 \u00e9preuves de la nouvelle version de l\u2019examen th\u00e9orique. &nbsp; &nbsp; Comme vous allez certainement nous demander si les questions vont changer, voici la r\u00e9ponse : pas plus qu\u2019avant \ud83d\ude42<br>En effet, de nouvelles questions sont r\u00e9guli\u00e8rement introduites dans les examens, mais comme le programme n\u2019a pas chang\u00e9, si vous \u00eates correctement pr\u00e9par\u00e9 (c\u2019est \u00e0 dire en suivant la m\u00e9thode AEROGLIGLI), les nouvelles questions ne sont pas un probl\u00e8me, quel que soit le format de l\u2019examen. &nbsp; Pour la partie \u00ab&nbsp;<strong>QCM<\/strong>&nbsp;\u00bb les principaux modes d\u2019entrainement comportent d\u00e9j\u00e0 la possibilit\u00e9 de se pr\u00e9parer avec chacune des 9 mati\u00e8res ou \u00e9preuves. Nous allons ajouter dans l&rsquo;onglet \u00ab&nbsp;<strong>examen<\/strong>&nbsp;\u00bb <strong>le choix des 9 \u00e9preuves<\/strong> o\u00f9 les \u00e9l\u00e8ves pourront se pr\u00e9parer avec des s\u00e9ries de QCM selon les modalit\u00e9s de ces 9 \u00e9preuves (nombre de QCM et temps imparti) Ce seront des sujets al\u00e9atoires. C\u2019est \u00e0 dire que les questions propos\u00e9es seront diff\u00e9rentes \u00e0 chaque tirage, prises au hasard dans notre base de QCM (plus de 2900 actuellement). Nous affinerons la m\u00e9thode de tri en fonction de vos retours d\u2019exp\u00e9rience. Nous conservons la pr\u00e9sentation avec les 2 \u00e9preuves (commune et sp\u00e9cifique) <strong>Ceux d\u2019entre vous qui ont r\u00e9ussi l\u2019une de ces \u00e9preuves avant le 4 d\u00e9cembre 2023 pourront toujours passer l\u2019autre \u00e9preuve apr\u00e8s cette date, dans un centre DGAC avec la formule \u00ab\u00a02 \u00e9preuves\u00a0\u00bb.<\/strong> &nbsp; &nbsp; &nbsp; <strong>Pour les a\u00e9roclubs et les \u00e9coles ATO ou DTO partenaires A\u00e9rogligli, <\/strong>nous allons vous proposer une nouvelle version de nos manuels de formation th\u00e9orique modifi\u00e9s avec cette nouvelle pr\u00e9sentation de l&rsquo;examen th\u00e9orique.&nbsp; &nbsp; Vous serez avertis par une newsletter envoy\u00e9e \u00e0 chacun <strong>des administrateurs principaux<\/strong> de vos comptes \u00e9cole A\u00e9rogligli ou en suivant notre actualit\u00e9 \ud83d\ude42 &nbsp; &nbsp; <strong>2 liens compl\u00e9mentaires :<\/strong> sur le site de la DGAC : <a href=\"https:\/\/2ysmi.r.a.d.sendibm1.com\/mk\/cl\/f\/sh\/SMK1E8tHeG7uihJlxv7PWJ6ZqBlJ\/6VdtHofcEJuw\" target=\"_blank\" rel=\"noreferrer noopener\">nouveau format de l&rsquo;examen th\u00e9orique<\/a> sur le site de la FFA &amp; INFO PILOTE : <a href=\"https:\/\/2ysmi.r.a.d.sendibm1.com\/mk\/cl\/f\/sh\/SMK1E8tHeGEmAq8j95Gtc8PJoULZ\/nVLl7WOHKgQU\" target=\"_blank\" rel=\"noreferrer noopener\">passez votre th\u00e9orique en a\u00e9roclub<\/a><\/td><\/tr><\/tbody><\/table><\/figure>\n\n\n\n<figure class=\"wp-block-table is-style-regular\"><table><tbody><tr><td>&nbsp; N&rsquo;h\u00e9sitez pas \u00e0 nous joindre : nous restons disponibles pour r\u00e9pondre \u00e0 vos questions et \u00e0 vos suggestions \ud83d\ude0a<\/td><\/tr><\/tbody><\/table><\/figure>\n\n\n\n<figure class=\"wp-block-table is-style-regular\"><table><tbody><tr><td><strong>Bons vols avec A\u00e9rogligli<\/strong><\/td><\/tr><tr><td>\u00ad<\/td><\/tr><\/tbody><\/table><\/figure>\n\n\n\n<figure class=\"wp-block-table is-style-regular\"><table><tbody><tr><td><img loading=\"lazy\" decoding=\"async\" width=\"300\" height=\"196\" src=\"https:\/\/2ysmi.img.a.d.sendibm1.com\/im\/sh\/A7mog7jqgxoO.jpg?u=7xwQLFBtniwQnnOLmedCv9sPnsV8UjZ\" alt=\"La formation qui donne des ailes\"><a href=\"https:\/\/2ysmi.r.a.d.sendibm1.com\/mk\/cl\/f\/sh\/SMK1E8tHeGLdcyxgKFQNhxi3mmvp\/jlJcrKw-oWDA\" target=\"_blank\" rel=\"noreferrer noopener\"><\/a><\/td><\/tr><\/tbody><\/table><\/figure>\n\n\n\n<p>VOIR AUSSI : <a href=\"https:\/\/www.aeroclubduplandedieu.fr\/wordpress\/wp-content\/uploads\/2023\/06\/PPL-Epreuve-pratique-daptitude.docx\" data-type=\"link\" data-id=\"https:\/\/www.aeroclubduplandedieu.fr\/wordpress\/wp-content\/uploads\/2023\/06\/PPL-Epreuve-pratique-daptitude.docx\">Epreuve pratique d&rsquo;aptitude <\/a><\/p>\n","protected":false},"excerpt":{"rendered":"<p>&nbsp; NOUVELLE ORGANISATION DE L&rsquo;EXAMEN TH\u00c9ORIQUE LAPL\/PPL Avion &nbsp; Examen th\u00e9orique du 24 07 2024 L&rsquo;a\u00e9roclub du Plan de Dieu est Centre d&rsquo;Examen Habilit\u00e9 par la FFA. Les \u00e9preuves peuvent [&hellip;]<\/p>\n","protected":false},"author":1,"featured_media":0,"parent":0,"menu_order":0,"comment_status":"closed","ping_status":"closed","template":"page-fullwidth.php","meta":{"footnotes":""},"class_list":["post-3012","page","type-page","status-publish","hentry"],"_links":{"self":[{"href":"https:\/\/www.aeroclubduplandedieu.fr\/2021\/wp-json\/wp\/v2\/pages\/3012","targetHints":{"allow":["GET"]}}],"collection":[{"href":"https:\/\/www.aeroclubduplandedieu.fr\/2021\/wp-json\/wp\/v2\/pages"}],"about":[{"href":"https:\/\/www.aeroclubduplandedieu.fr\/2021\/wp-json\/wp\/v2\/types\/page"}],"author":[{"embeddable":true,"href":"https:\/\/www.aeroclubduplandedieu.fr\/2021\/wp-json\/wp\/v2\/users\/1"}],"replies":[{"embeddable":true,"href":"https:\/\/www.aeroclubduplandedieu.fr\/2021\/wp-json\/wp\/v2\/comments?post=3012"}],"version-history":[{"count":15,"href":"https:\/\/www.aeroclubduplandedieu.fr\/2021\/wp-json\/wp\/v2\/pages\/3012\/revisions"}],"predecessor-version":[{"id":5482,"href":"https:\/\/www.aeroclubduplandedieu.fr\/2021\/wp-json\/wp\/v2\/pages\/3012\/revisions\/5482"}],"wp:attachment":[{"href":"https:\/\/www.aeroclubduplandedieu.fr\/2021\/wp-json\/wp\/v2\/media?parent=3012"}],"curies":[{"name":"wp","href":"https:\/\/api.w.org\/{rel}","templated":true}]}}