{"id":4455,"date":"2025-05-19T16:38:15","date_gmt":"2025-05-19T14:38:15","guid":{"rendered":"https:\/\/www.aeroclubduplandedieu.fr\/2021\/?page_id=4455"},"modified":"2025-05-19T16:45:55","modified_gmt":"2025-05-19T14:45:55","slug":"le-grand-voyage-dalexis-a-17-ans","status":"publish","type":"page","link":"https:\/\/www.aeroclubduplandedieu.fr\/2021\/le-grand-voyage-dalexis-a-17-ans\/","title":{"rendered":"Le grand voyage d&rsquo;Alexis \u00e0 17 ans"},"content":{"rendered":"\n<p>Admirez le magnifique voyage r\u00e9alis\u00e9 par Alexis dans nos plus belles r\u00e9gions.<\/p>\n\n\n\n<p>Oui, oui, Alexis est bien \u00e0 droite sur la photo ! <\/p>\n\n\n\n<p>Supervis\u00e9, de loin et par t\u00e9l\u00e9phone, par Jacky, il a chemin\u00e9 &#8211; entre autres &#8211; du Massif Central, aux ch\u00e2teaux de la Loire, puis la Normandie, la Bretagne, la dune du Pilat, Tarbes, la M\u00e9diterran\u00e9e. Et retour ! A vous d&rsquo;identifier tous les sites non cit\u00e9s !<\/p>\n\n\n\n<p>Dormir sous la tente, consulter la m\u00e9t\u00e9o, pr\u00e9parer la navigation en fonction de cette m\u00e9t\u00e9o. Top d\u00e9part pour une nouvelle \u00e9tape! Conjuguer ainsi le plaisir des yeux et l&rsquo;acquisition d&rsquo;exp\u00e9rience !<\/p>\n\n\n\n<p>Chapeau Alexis. Respect !<\/p>\n\n\n\n<p>Son ami passager vous propose ces photos remarquables.<\/p>\n\n\n\n<figure class=\"wp-block-embed is-type-video is-provider-youtube wp-block-embed-youtube wp-embed-aspect-16-9 wp-has-aspect-ratio\"><div class=\"wp-block-embed__wrapper\">\n<iframe loading=\"lazy\" title=\"Diaporama Tour de France - DR 400 - Alexis Coudert\" width=\"640\" height=\"360\" src=\"https:\/\/www.youtube.com\/embed\/ACiFZNfzSOc?feature=oembed\" frameborder=\"0\" allow=\"accelerometer; autoplay; clipboard-write; encrypted-media; gyroscope; picture-in-picture; web-share\" referrerpolicy=\"strict-origin-when-cross-origin\" allowfullscreen><\/iframe>\n<\/div><\/figure>\n","protected":false},"excerpt":{"rendered":"<p>Admirez le magnifique voyage r\u00e9alis\u00e9 par Alexis dans nos plus belles r\u00e9gions. Oui, oui, Alexis est bien \u00e0 droite sur la photo ! Supervis\u00e9, de loin et par t\u00e9l\u00e9phone, par [&hellip;]<\/p>\n","protected":false},"author":1,"featured_media":0,"parent":0,"menu_order":0,"comment_status":"closed","ping_status":"closed","template":"page-fullwidth.php","meta":{"footnotes":""},"class_list":["post-4455","page","type-page","status-publish","hentry"],"_links":{"self":[{"href":"https:\/\/www.aeroclubduplandedieu.fr\/2021\/wp-json\/wp\/v2\/pages\/4455","targetHints":{"allow":["GET"]}}],"collection":[{"href":"https:\/\/www.aeroclubduplandedieu.fr\/2021\/wp-json\/wp\/v2\/pages"}],"about":[{"href":"https:\/\/www.aeroclubduplandedieu.fr\/2021\/wp-json\/wp\/v2\/types\/page"}],"author":[{"embeddable":true,"href":"https:\/\/www.aeroclubduplandedieu.fr\/2021\/wp-json\/wp\/v2\/users\/1"}],"replies":[{"embeddable":true,"href":"https:\/\/www.aeroclubduplandedieu.fr\/2021\/wp-json\/wp\/v2\/comments?post=4455"}],"version-history":[{"count":2,"href":"https:\/\/www.aeroclubduplandedieu.fr\/2021\/wp-json\/wp\/v2\/pages\/4455\/revisions"}],"predecessor-version":[{"id":4458,"href":"https:\/\/www.aeroclubduplandedieu.fr\/2021\/wp-json\/wp\/v2\/pages\/4455\/revisions\/4458"}],"wp:attachment":[{"href":"https:\/\/www.aeroclubduplandedieu.fr\/2021\/wp-json\/wp\/v2\/media?parent=4455"}],"curies":[{"name":"wp","href":"https:\/\/api.w.org\/{rel}","templated":true}]}}

Le grand voyage d&rsquo;Alexis à 17 ans

<p>Admirez le magnifique voyage réalisé par Alexis dans nos plus belles régions.</p>



<p>Oui, oui, Alexis est bien à droite sur la photo ! </p>



<p>Supervisé, de loin et par téléphone, par Jacky, il a cheminé &#8211; entre autres &#8211; du Massif Central, aux châteaux de la Loire, puis la Normandie, la Bretagne, la dune du Pilat, Tarbes, la Méditerranée. Et retour ! A vous d&rsquo;identifier tous les sites non cités !</p>



<p>Dormir sous la tente, consulter la météo, préparer la navigation en fonction de cette météo. Top départ pour une nouvelle étape! Conjuguer ainsi le plaisir des yeux et l&rsquo;acquisition d&rsquo;expérience !</p>



<p>Chapeau Alexis. Respect !</p>



<p>Son ami passager vous propose ces photos remarquables.</p>



<figure class="wp-block-embed is-type-video is-provider-youtube wp-block-embed-youtube wp-embed-aspect-16-9 wp-has-aspect-ratio"><div class="wp-block-embed__wrapper">
<iframe loading="lazy" title="Diaporama Tour de France - DR 400 - Alexis Coudert" width="640" height="360" src="https://www.youtube.com/embed/ACiFZNfzSOc?feature=oembed" frameborder="0" allow="accelerometer; autoplay; clipboard-write; encrypted-media; gyroscope; picture-in-picture; web-share" referrerpolicy="strict-origin-when-cross-origin" allowfullscreen></iframe>
</div></figure>

<p>Admirez le magnifique voyage réalisé par Alexis dans nos plus belles régions. Oui, oui, Alexis est bien à droite sur la photo ! Supervisé, de loin et par téléphone, par [&hellip;]</p>
