{"id":4697,"date":"2025-08-08T10:21:16","date_gmt":"2025-08-08T08:21:16","guid":{"rendered":"https:\/\/www.aeroclubduplandedieu.fr\/2021\/?page_id=4697"},"modified":"2025-08-08T10:42:27","modified_gmt":"2025-08-08T08:42:27","slug":"flo-simply-the-best","status":"publish","type":"page","link":"https:\/\/www.aeroclubduplandedieu.fr\/2021\/flo-simply-the-best\/","title":{"rendered":"Flo. Simply the best !"},"content":{"rendered":"\n<p class=\"has-medium-font-size\">RAVEN. <strong>Des ann\u00e9es de travail acharn\u00e9, de passion br\u00fblante et de d\u00e9termination sans rel\u00e2che aboutissent aujourd\u2019hui \u00e0 ce moment : le Raven 2XS prend son envol. <\/strong><br><\/p>\n\n\n\n<p class=\"has-medium-font-size\"><a href=\"https:\/\/www.facebook.com\/share\/v\/14FF89pexBy\"><strong>https:\/\/www.facebook.com\/share\/v\/14FF89pexBy<\/strong><\/a><\/p>\n\n\n\n<p><\/p>\n\n\n\n<figure class=\"wp-block-video\"><video height=\"480\" style=\"aspect-ratio: 848 \/ 480;\" width=\"848\" controls src=\"https:\/\/www.aeroclubduplandedieu.fr\/wordpress\/wp-content\/uploads\/2025\/08\/Gag-TF1.mp4\"><\/video><\/figure>\n","protected":false},"excerpt":{"rendered":"<p>RAVEN. Des ann\u00e9es de travail acharn\u00e9, de passion br\u00fblante et de d\u00e9termination sans rel\u00e2che aboutissent aujourd\u2019hui \u00e0 ce moment : le Raven 2XS prend son envol. https:\/\/www.facebook.com\/share\/v\/14FF89pexBy<\/p>\n","protected":false},"author":1,"featured_media":0,"parent":0,"menu_order":0,"comment_status":"closed","ping_status":"closed","template":"page-fullwidth.php","meta":{"footnotes":""},"class_list":["post-4697","page","type-page","status-publish","hentry"],"_links":{"self":[{"href":"https:\/\/www.aeroclubduplandedieu.fr\/2021\/wp-json\/wp\/v2\/pages\/4697","targetHints":{"allow":["GET"]}}],"collection":[{"href":"https:\/\/www.aeroclubduplandedieu.fr\/2021\/wp-json\/wp\/v2\/pages"}],"about":[{"href":"https:\/\/www.aeroclubduplandedieu.fr\/2021\/wp-json\/wp\/v2\/types\/page"}],"author":[{"embeddable":true,"href":"https:\/\/www.aeroclubduplandedieu.fr\/2021\/wp-json\/wp\/v2\/users\/1"}],"replies":[{"embeddable":true,"href":"https:\/\/www.aeroclubduplandedieu.fr\/2021\/wp-json\/wp\/v2\/comments?post=4697"}],"version-history":[{"count":4,"href":"https:\/\/www.aeroclubduplandedieu.fr\/2021\/wp-json\/wp\/v2\/pages\/4697\/revisions"}],"predecessor-version":[{"id":4705,"href":"https:\/\/www.aeroclubduplandedieu.fr\/2021\/wp-json\/wp\/v2\/pages\/4697\/revisions\/4705"}],"wp:attachment":[{"href":"https:\/\/www.aeroclubduplandedieu.fr\/2021\/wp-json\/wp\/v2\/media?parent=4697"}],"curies":[{"name":"wp","href":"https:\/\/api.w.org\/{rel}","templated":true}]}}

<p class="has-medium-font-size">RAVEN. <strong>Des années de travail acharné, de passion brûlante et de détermination sans relâche aboutissent aujourd’hui à ce moment : le Raven 2XS prend son envol. </strong><br></p>



<p class="has-medium-font-size"><a href="https://www.facebook.com/share/v/14FF89pexBy"><strong>https://www.facebook.com/share/v/14FF89pexBy</strong></a></p>



<p></p>



<figure class="wp-block-video"><video height="480" style="aspect-ratio: 848 / 480;" width="848" controls src="https://www.aeroclubduplandedieu.fr/wordpress/wp-content/uploads/2025/08/Gag-TF1.mp4"></video></figure>

<p>RAVEN. Des années de travail acharné, de passion brûlante et de détermination sans relâche aboutissent aujourd’hui à ce moment : le Raven 2XS prend son envol. https://www.facebook.com/share/v/14FF89pexBy</p>
