{"id":785,"date":"2021-10-26T16:57:34","date_gmt":"2021-10-26T14:57:34","guid":{"rendered":"https:\/\/www.aeroclubduplandedieu.fr\/wordpress\/?page_id=785"},"modified":"2024-08-28T12:08:04","modified_gmt":"2024-08-28T10:08:04","slug":"decouvrir","status":"publish","type":"page","link":"https:\/\/www.aeroclubduplandedieu.fr\/2021\/decouvrir\/","title":{"rendered":"D\u00e9couvrir"},"content":{"rendered":"\n<p>Une courte vid\u00e9o pour vous donner envie?<\/p>\n\n\n\n<figure class=\"wp-block-video\"><video height=\"320\" style=\"aspect-ratio: 568 \/ 320;\" width=\"568\" controls src=\"https:\/\/www.aeroclubduplandedieu.fr\/wordpress\/wp-content\/uploads\/2024\/08\/Ca-donne-envie.mov\"><\/video><\/figure>\n\n\n<ul>\n<li>\n<p>Plusieurs possibilit\u00e9s s&rsquo;offrent \u00e0 vous pour d\u00e9couvrir -progressivement ou tr\u00e8s rapidement- les plaisirs de l&rsquo;aviation:<\/p>\n<ul>\n<li><a href=\"https:\/\/www.aeroclubduplandedieu.fr\/wordpress\/vol-decouverte\/\" target=\"_blank\" rel=\"noopener\" data-wplink-url-error=\"true\">Le vol d\u00e9couverte<\/a>, anciennement connu sous le nom de bapt\u00eame de l&rsquo;air.<\/li>\n<li><a href=\"https:\/\/www.aeroclubduplandedieu.fr\/wordpress\/vol-dinitiation-au-pilotage\/\" target=\"_blank\" rel=\"noopener\" data-wplink-url-error=\"true\">Les vols d&rsquo;initiation au pilotage<\/a> qui vous permettront d&rsquo;acc\u00e9der au <a href=\"https:\/\/enviedepiloter.fr\/presentation-des-passeports\/\" target=\"_blank\" rel=\"noopener\">passeport<\/a> :\n<ul>\n<li>Pr\u00eat au d\u00e9collage<\/li>\n<li>Mont\u00e9e initiale<\/li>\n<\/ul>\n<\/li>\n<li><a href=\"https:\/\/www.aeroclubduplandedieu.fr\/wordpress\/devenir-pilote\/\" target=\"_blank\" rel=\"noopener\" data-wplink-url-error=\"true\">La formation au pilotage<\/a> en plusieurs \u00e9tapes. Chacune des \u00e9tapes vous procurant des possibilit\u00e9s de plus en plus \u00e9tendues :\n<ul>\n<li><a href=\"https:\/\/www.aeroclubduplandedieu.fr\/wordpress\/b-i-a\/\" target=\"_blank\" rel=\"noopener\" data-wplink-url-error=\"true\">Le Brevet d&rsquo;initiation a\u00e9ronautique<\/a> (facultatif)<\/li>\n<li><a href=\"https:\/\/www.aeroclubduplandedieu.fr\/wordpress\/a-b-l\/\" target=\"_blank\" rel=\"noopener\" data-wplink-url-error=\"true\">ABL<\/a><\/li>\n<li><a href=\"https:\/\/www.aeroclubduplandedieu.fr\/wordpress\/l-a-p-l\/\" target=\"_blank\" rel=\"noopener\" data-wplink-url-error=\"true\">LAPL<\/a><\/li>\n<li><a href=\"https:\/\/www.aeroclubduplandedieu.fr\/wordpress\/p-p-l\/\" target=\"_blank\" rel=\"noopener\" data-wplink-url-error=\"true\">PPL<\/a><\/li>\n<li>Une<a href=\"https:\/\/www.aeroclubduplandedieu.fr\/wordpress\/formation-theorique\/\" target=\"_blank\" rel=\"noopener\" data-wplink-url-error=\"true\"> formation th\u00e9orique<\/a> vous permettra de progresser dans votre formation.<\/li>\n<\/ul>\n<\/li>\n<\/ul>\n<\/li>\n<\/ul>\n\n\n<p><\/p>\n","protected":false},"excerpt":{"rendered":"<p>Une courte vid\u00e9o pour vous donner envie? Plusieurs possibilit\u00e9s s&rsquo;offrent \u00e0 vous pour d\u00e9couvrir -progressivement ou tr\u00e8s rapidement- les plaisirs de l&rsquo;aviation: Le vol d\u00e9couverte, anciennement connu sous le nom [&hellip;]<\/p>\n","protected":false},"author":1,"featured_media":62,"parent":0,"menu_order":0,"comment_status":"closed","ping_status":"closed","template":"page-fullwidth.php","meta":{"footnotes":""},"class_list":["post-785","page","type-page","status-publish","has-post-thumbnail","hentry"],"_links":{"self":[{"href":"https:\/\/www.aeroclubduplandedieu.fr\/2021\/wp-json\/wp\/v2\/pages\/785","targetHints":{"allow":["GET"]}}],"collection":[{"href":"https:\/\/www.aeroclubduplandedieu.fr\/2021\/wp-json\/wp\/v2\/pages"}],"about":[{"href":"https:\/\/www.aeroclubduplandedieu.fr\/2021\/wp-json\/wp\/v2\/types\/page"}],"author":[{"embeddable":true,"href":"https:\/\/www.aeroclubduplandedieu.fr\/2021\/wp-json\/wp\/v2\/users\/1"}],"replies":[{"embeddable":true,"href":"https:\/\/www.aeroclubduplandedieu.fr\/2021\/wp-json\/wp\/v2\/comments?post=785"}],"version-history":[{"count":9,"href":"https:\/\/www.aeroclubduplandedieu.fr\/2021\/wp-json\/wp\/v2\/pages\/785\/revisions"}],"predecessor-version":[{"id":3828,"href":"https:\/\/www.aeroclubduplandedieu.fr\/2021\/wp-json\/wp\/v2\/pages\/785\/revisions\/3828"}],"wp:featuredmedia":[{"embeddable":true,"href":"https:\/\/www.aeroclubduplandedieu.fr\/2021\/wp-json\/wp\/v2\/media\/62"}],"wp:attachment":[{"href":"https:\/\/www.aeroclubduplandedieu.fr\/2021\/wp-json\/wp\/v2\/media?parent=785"}],"curies":[{"name":"wp","href":"https:\/\/api.w.org\/{rel}","templated":true}]}}