{"id":815,"date":"2021-10-27T10:53:51","date_gmt":"2021-10-27T08:53:51","guid":{"rendered":"https:\/\/www.aeroclubduplandedieu.fr\/wordpress\/?page_id=815"},"modified":"2022-01-31T17:53:51","modified_gmt":"2022-01-31T16:53:51","slug":"l-a-p-l","status":"publish","type":"page","link":"https:\/\/www.aeroclubduplandedieu.fr\/2021\/l-a-p-l\/","title":{"rendered":"L.A.P.L."},"content":{"rendered":"\n<p class=\"has-medium-font-size\"><strong>LAPL : Light Aircraft Pilot License&nbsp;(Licence de pilote d\u2019avion l\u00e9ger)<\/strong><\/p>\n\n\n\n<div class=\"wp-block-media-text alignwide is-stacked-on-mobile\"><figure class=\"wp-block-media-text__media\"><img loading=\"lazy\" decoding=\"async\" width=\"1024\" height=\"684\" src=\"https:\/\/www.aeroclubduplandedieu.fr\/wordpress\/wp-content\/uploads\/2021\/12\/2021_A115_091_D_001_051-1024x684.jpg\" alt=\"\" class=\"wp-image-1697 size-full\" srcset=\"https:\/\/www.aeroclubduplandedieu.fr\/wordpress\/wp-content\/uploads\/2021\/12\/2021_A115_091_D_001_051-1024x684.jpg 1024w, https:\/\/www.aeroclubduplandedieu.fr\/wordpress\/wp-content\/uploads\/2021\/12\/2021_A115_091_D_001_051-300x200.jpg 300w, https:\/\/www.aeroclubduplandedieu.fr\/wordpress\/wp-content\/uploads\/2021\/12\/2021_A115_091_D_001_051-768x513.jpg 768w, https:\/\/www.aeroclubduplandedieu.fr\/wordpress\/wp-content\/uploads\/2021\/12\/2021_A115_091_D_001_051-1536x1025.jpg 1536w, https:\/\/www.aeroclubduplandedieu.fr\/wordpress\/wp-content\/uploads\/2021\/12\/2021_A115_091_D_001_051-2048x1367.jpg 2048w\" sizes=\"auto, (max-width: 1024px) 100vw, 1024px\" \/><\/figure><div class=\"wp-block-media-text__content\">\n<p class=\"has-medium-font-size\">Privil\u00e8ges&nbsp;:<\/p>\n\n\n\n<p class=\"has-medium-font-size\">Le LAPL est une&nbsp;licence europ\u00e9enne&nbsp;permettant \u00e0 son titulaire de pouvoir piloter un avion d\u2019une classe\/variante donn\u00e9e, d\u2019une&nbsp;masse maximale au d\u00e9collage de 2 tonnes, avec&nbsp;3 passagers maximum \u00e0 bord.<\/p>\n<\/div><\/div>\n\n\n\n<p class=\"has-medium-font-size\">La d\u00e9livrance&nbsp;:<\/p>\n\n\n\n<ul class=\"has-medium-font-size wp-block-list\"><li>\u00catre \u00e2g\u00e9 de&nbsp;17 ans r\u00e9volus&nbsp;le jour de l\u2019examen pratique et 16 ans le jour du \u00ab l\u00e2cher \u00bb. La formation peut d\u00e9buter avant 16 ans.<\/li><\/ul>\n\n\n\n<p class=\"has-medium-font-size\">La formation&nbsp;:<\/p>\n\n\n\n<ul class=\"has-medium-font-size wp-block-list\"><li>30 heures de vol minimum&nbsp;dont :&nbsp;15 h de vol en double commande&nbsp;(avec un instructeur) +&nbsp;6 h de vol seul \u00e0 bord&nbsp;comprenant au moins 3 heures de navigation avec une navigation d\u2019au moins 150 km (80 Nm) avec atterrissage sur a\u00e9rodrome diff\u00e9rent de celui du d\u00e9part.<\/li><li>Satisfaire \u00e0 une&nbsp;\u00e9preuve th\u00e9orique.<br>Il est possible de passer l\u2019\u00e9preuve th\u00e9orique du PPL plut\u00f4t que celle du LAPL si le candidat souhaite poursuivre sa formation vers le PPL, mais attention toutefois \u00e0 la dur\u00e9e de validit\u00e9 du certificat th\u00e9orique, qui impose de r\u00e9ussir l\u2019\u00e9preuve pratique 24 mois apr\u00e8s son obtention.<\/li><li>Satisfaire \u00e0 une&nbsp;\u00e9preuve pratique&nbsp;en vol avec un examinateur<\/li><li>Disposer d\u2019un&nbsp;certificat m\u00e9dical de classe 2<\/li><\/ul>\n\n\n\n<p class=\"has-medium-font-size\">Les autorisations additionnelles&nbsp;:<\/p>\n\n\n\n<p class=\"has-medium-font-size\">Emport passagers, automatique apr\u00e8s avoir effectu\u00e9&nbsp;10 h de vol seul \u00e0 bord&nbsp;une fois la licence obtenue.<\/p>\n\n\n\n<p class=\"has-medium-font-size\">La validit\u00e9&nbsp;: 24 mois<\/p>\n\n\n\n<p class=\"has-medium-font-size\"><strong>Les bourses&nbsp;:<\/strong><\/p>\n\n\n\n<p class=\"has-medium-font-size\"><strong>L\u2019El\u00e8ve Pilote de moins de 21 ans peut b\u00e9n\u00e9ficier de bourses f\u00e9d\u00e9rales en plus du \u00ab 1er&nbsp;l\u00e2cher solo&nbsp;\u00bb et de l\u2019ABL.<\/strong><\/p>\n\n\n\n<ul class=\"has-medium-font-size wp-block-list\"><li><strong>S\u2019il est titulaire du BIA&nbsp;: il b\u00e9n\u00e9ficie d\u2019une bourse pour l\u2019obtention de son th\u00e9orique LAPL.<\/strong><\/li><li><strong>S\u2019il n\u2019est pas du BIA, il b\u00e9n\u00e9ficie d\u2019une bourse pour l\u2019obtention compl\u00e8te du LAPL.<\/strong> <\/li><\/ul>\n\n\n\n<div class=\"wp-block-media-text alignwide is-stacked-on-mobile\" style=\"grid-template-columns:22% auto\"><figure class=\"wp-block-media-text__media\"><img loading=\"lazy\" decoding=\"async\" width=\"400\" height=\"400\" src=\"https:\/\/www.aeroclubduplandedieu.fr\/wordpress\/wp-content\/uploads\/2021\/10\/logo-ffa.jpg\" alt=\"\" class=\"wp-image-901 size-full\" srcset=\"https:\/\/www.aeroclubduplandedieu.fr\/wordpress\/wp-content\/uploads\/2021\/10\/logo-ffa.jpg 400w, https:\/\/www.aeroclubduplandedieu.fr\/wordpress\/wp-content\/uploads\/2021\/10\/logo-ffa-300x300.jpg 300w, https:\/\/www.aeroclubduplandedieu.fr\/wordpress\/wp-content\/uploads\/2021\/10\/logo-ffa-150x150.jpg 150w\" sizes=\"auto, (max-width: 400px) 100vw, 400px\" \/><\/figure><div class=\"wp-block-media-text__content\">\n<figure class=\"wp-block-table is-style-regular\"><table><tbody><tr><td><a><em>1<sup>er<\/sup>&nbsp;l\u00e2ch\u00e9 solo<\/em><\/a><\/td><td><em>335\u20ac00<\/em><\/td><\/tr><tr><td><em>ABL<\/em><\/td><td><em>335\u20ac00<\/em><\/td><\/tr><tr><td><em>ABL + BIA<\/em><\/td><td><em>500\u20ac00<\/em><\/td><\/tr><tr><td><strong>Th\u00e9orique LAPL + BIA<\/strong><\/td><td><strong>75\u20ac00<\/strong><\/td><\/tr><tr><td><strong>LAPL complet<\/strong><\/td><td><strong>670\u20ac00<\/strong><\/td><\/tr><\/tbody><\/table><\/figure>\n<\/div><\/div>\n\n\n\n<div class=\"wp-block-columns is-layout-flex wp-container-core-columns-is-layout-9d6595d7 wp-block-columns-is-layout-flex\"><\/div>\n","protected":false},"excerpt":{"rendered":"<p>LAPL : Light Aircraft Pilot License&nbsp;(Licence de pilote d\u2019avion l\u00e9ger) Privil\u00e8ges&nbsp;: Le LAPL est une&nbsp;licence europ\u00e9enne&nbsp;permettant \u00e0 son titulaire de pouvoir piloter un avion d\u2019une classe\/variante donn\u00e9e, d\u2019une&nbsp;masse maximale au [&hellip;]<\/p>\n","protected":false},"author":1,"featured_media":61,"parent":0,"menu_order":0,"comment_status":"closed","ping_status":"closed","template":"page-fullwidth.php","meta":{"footnotes":""},"class_list":["post-815","page","type-page","status-publish","has-post-thumbnail","hentry"],"_links":{"self":[{"href":"https:\/\/www.aeroclubduplandedieu.fr\/2021\/wp-json\/wp\/v2\/pages\/815","targetHints":{"allow":["GET"]}}],"collection":[{"href":"https:\/\/www.aeroclubduplandedieu.fr\/2021\/wp-json\/wp\/v2\/pages"}],"about":[{"href":"https:\/\/www.aeroclubduplandedieu.fr\/2021\/wp-json\/wp\/v2\/types\/page"}],"author":[{"embeddable":true,"href":"https:\/\/www.aeroclubduplandedieu.fr\/2021\/wp-json\/wp\/v2\/users\/1"}],"replies":[{"embeddable":true,"href":"https:\/\/www.aeroclubduplandedieu.fr\/2021\/wp-json\/wp\/v2\/comments?post=815"}],"version-history":[{"count":13,"href":"https:\/\/www.aeroclubduplandedieu.fr\/2021\/wp-json\/wp\/v2\/pages\/815\/revisions"}],"predecessor-version":[{"id":2029,"href":"https:\/\/www.aeroclubduplandedieu.fr\/2021\/wp-json\/wp\/v2\/pages\/815\/revisions\/2029"}],"wp:featuredmedia":[{"embeddable":true,"href":"https:\/\/www.aeroclubduplandedieu.fr\/2021\/wp-json\/wp\/v2\/media\/61"}],"wp:attachment":[{"href":"https:\/\/www.aeroclubduplandedieu.fr\/2021\/wp-json\/wp\/v2\/media?parent=815"}],"curies":[{"name":"wp","href":"https:\/\/api.w.org\/{rel}","templated":true}]}}